or of 1412 and 8?
4
What is the highest common divisor of 222 and 48?
6
What is the highest common divisor of 34195 and 70?
35
Calculate the greatest common factor of 77 and 8393.
77
Calculate the highest common divisor of 256 and 2016.
32
What is the greatest common divisor of 175 and 5915?
35
Calculate the greatest common factor of 26 and 8320.
26
What is the highest common factor of 33 and 22099?
11
Calculate the highest common divisor of 78 and 468.
78
Calculate the greatest common factor of 3 and 41.
1
What is the greatest common divisor of 242 and 2?
2
What is the greatest common divisor of 10 and 70210?
10
Calculate the greatest common divisor of 7305 and 120.
15
What is the greatest common divisor of 525 and 189?
21
Calculate the greatest common divisor of 536 and 670.
134
Calculate the greatest common factor of 192 and 12.
12
What is the highest common factor of 4 and 12004?
4
What is the greatest common divisor of 112 and 112?
112
What is the greatest common factor of 2888 and 2128?
152
What is the greatest common divisor of 20 and 650?
10
Calculate the greatest common factor of 3077 and 238.
17
What is the highest common divisor of 11 and 22?
11
Calculate the highest common factor of 2688 and 5208.
168
What is the greatest common divisor of 65 and 1417?
13
Calculate the highest common factor of 108 and 162.
54
What is the greatest common divisor of 26 and 10?
2
Calculate the highest common factor of 15 and 555.
15
Calculate the highest common factor of 1435 and 35.
35
Calculate the greatest common divisor of 4 and 268.
4
Calculate the highest common divisor of 1212 and 12.
12
What is the greatest common factor of 3 and 147?
3
What is the greatest common factor of 13592 and 16?
8
Calculate the greatest common divisor of 3663 and 33.
33
Calculate the greatest common factor of 5814 and 54.
18
Calculate the greatest common divisor of 20750 and 250.
250
What is the greatest common divisor of 1250 and 350?
50
Calculate the highest common divisor of 128 and 544.
32
Calculate the greatest common divisor of 442 and 19669.
221
What is the greatest common divisor of 100 and 12?
4
Calculate the greatest common factor of 1770 and 30.
30
What is the highest common divisor of 240 and 1392?
48
What is the greatest common divisor of 9 and 873?
9
What is the highest common divisor of 231 and 63?
21
What is the greatest common divisor of 51127 and 82?
41
Calculate the highest common divisor of 75 and 1440.
15
Calculate the highest common factor of 5893 and 497.
71
What is the highest common divisor of 100 and 1750?
50
Calculate the highest common factor of 73 and 219.
73
Calculate the highest common factor of 1073 and 29.
29
Calculate the highest common divisor of 52 and 844.
4
Calculate the highest common factor of 592 and 6956.
148
What is the highest common divisor of 856 and 107?
107
What is the greatest common factor of 39 and 416?
13
What is the highest common divisor of 316 and 36?
4
Calculate the greatest common divisor of 356 and 16.
4
What is the highest common divisor of 546 and 10647?
273
What is the highest common divisor of 14 and 161?
7
What is the highest common factor of 49 and 7?
7
What is the greatest common factor of 112 and 3376?
16
What is the greatest common factor of 140 and 40?
20
What is the greatest common factor of 14 and 1393?
7
Calculate the highest common factor of 2071 and 589.
19
What is the greatest common divisor of 23 and 13639?
23
Calculate the highest common factor of 14 and 8.
2
Calculate the highest common factor of 272 and 6018.
34
What is the highest common divisor of 2739 and 264?
33
What is the highest common divisor of 5 and 6?
1
What is the highest common divisor of 4094 and 356?
178
Calculate the greatest common factor of 1029 and 63.
21
Calculate the greatest common factor of 763 and 252.
7
What is the greatest common divisor of 3224 and 728?
104
Calculate the highest common factor of 325 and 425.
25
Calculate the greatest common divisor of 23 and 12742.
23
What is the highest common factor of 2484 and 27?
27
Calculate the greatest common factor of 902 and 550.
22
Calculate the highest common divisor of 378 and 1188.
54
Calculate the greatest common factor of 170 and 782.
34
Calculate the greatest common factor of 208 and 48.
16
What is the greatest common factor of 1440 and 400?
80
What is the greatest common factor of 80 and 25?
5
What is the greatest common factor of 8 and 200?
8
Calculate the greatest common factor of 74 and 6142.
74
Calculate the highest common divisor of 222 and 6.
6
Calculate the greatest common factor of 252 and 2052.
36
Calculate the highest common factor of 243 and 6.
3
What is the greatest common divisor of 140 and 1420?
20
Calculate the highest common divisor of 384 and 108.
12
What is the highest common factor of 1199 and 545?
109
What is the greatest common factor of 15580 and 328?
164
Calculate the greatest common factor of 54 and 396.
18
What is the highest common factor of 178 and 40673?
89
Calculate the highest common divisor of 21 and 105.
21
What is the highest common factor of 8934 and 6?
6
Calculate the greatest common divisor of 6948 and 36.
36
Calculate the highest common factor of 120 and 6060.
60
What is the greatest common divisor of 42 and 546?
42
Calculate the greatest common factor of 243 and 405.
81
Calculate the highest common divisor of 475 and 19.
19
Calculate the greatest common factor of 135 and 45.
45
What is the highest common factor of 4 and 652?
4
Calculate the greatest common factor of 43 and 731.
43
What is the greatest common factor of 261 and 9?
9
Calculate the highest common divisor of 832 and 7696.
208
What is the greatest common factor of 272 and 3434?
34
What is the greatest common factor of 688 and 774?
86
Calculate the highest common divisor of 2 and 28.
2
Calculate the greatest common factor of 414 and 36.
18
What is the greatest common factor of 16074 and 152?
38
What is the highest common factor of 106569 and 27?
27
Calculate the highest common divisor of 7 and 329.
7
What is the highest common divisor of 3173 and 19?
19
What is the highest common divisor of 48 and 4476?
12
Calculate the highest common factor of 6422 and 19.
19
What is the highest common factor of 85 and 1360?
85
Calculate the highest common divisor of 473 and 11.
11
Calculate the greatest common divisor of 51 and 6.
3
Calculate the highest common factor of 16 and 6968.
8
What is the highest common factor of 33 and 7491?
33
What is the greatest common divisor of 999 and 259?
37
Calculate the greatest common divisor of 85 and 17.
17
What is the highest common divisor of 847 and 1463?
77
Calculate the highest common factor of 1647 and 61.
61
Calculate the highest common divisor of 76 and 874.
38
What is the highest common divisor of 42 and 87?
3
Calculate the highest common factor of 68 and 46.
2
What is the greatest common divisor of 3397 and 86?
43
What is the highest common factor of 9 and 1233?
9
Calculate the highest common divisor of 2432 and 76.
76
What is the greatest common factor of 220 and 9460?
220
Calculate the greatest common factor of 589 and 19.
19
What is the highest common factor of 21 and 70?
7
What is the highest common factor of 11 and 1111?
11
What is the highest common divisor of 2660 and 10?
10
Calculate the greatest common factor of 62 and 2666.
62
Calculate the greatest common factor of 640 and 720.
80
Calculate the greatest common factor of 170 and 20.
10
What is the highest common factor of 42 and 12?
6
Calculate the highest common divisor of 540 and 60.
60
Calculate the greatest common factor of 70 and 21.
7
What is the highest common factor of 50 and 650?
50
Calculate the greatest common divisor of 315 and 90.
45
Calculate the highest common divisor of 2550 and 51.
51
What is the greatest common factor of 512 and 8?
8
What is the greatest common divisor of 14 and 2954?
14
Calculate the highest common divisor of 5550 and 5.
5
Calculate the highest common factor of 14 and 15680.
14
Calculate the highest common divisor of 1062 and 118.
118
What is the greatest common factor of 98 and 896?
14
What is the greatest common divisor of 576 and 9?
9
Calculate the greatest common factor of 1850 and 666.
74
What is the highest common factor of 132 